(-3). Let f(y) = y**2 + 4*y + 6. Let h be f(-5). Suppose -g - h*g + o = 0. What is the units digit of g?
5
Suppose -37485 = -66*s + 569451. What is the thousands digit of s?
9
Let j be 20*(-60)/(-50)*(-1)/2. What is the units digit of j/10*(-120)/16?
9
Suppose -5361 = -w + 184*o - 182*o, 5*w - o = 26769. What is the hundreds digit of w?
3
Let l(f) = 635*f - 1088. What is the ten thousands digit of l(26)?
1
Suppose 0 = 3*o - 7*c + 4*c - 30, -15 = -o + 2*c. Suppose -2*v - 4*q + 85 = -5*q, 0 = q - o. What is the tens digit of v?
4
Let w(c) = 5*c**2 + 6*c. Let p be w(-4). Suppose -404 = 4*n + p. What is the units digit of -3*n/(-15)*-1?
3
Suppose -13*b = -5222 - 116406. What is the units digit of b?
6
Let b(f) = -f**3 - 15*f**2 - 17*f - 40. Let r be b(-14). Suppose 10*h = -3*c + 7*h + 1455, -5*h = -r*c + 949. What is the tens digit of c?
8
Let a(v) be the second derivative of -v**5/10 + 31*v**4/12 + 23*v**3/6 - 75*v**2/2 - 261*v. What is the hundreds digit of a(13)?
0
Suppose 2760 = 10*p - 12970. What is the units digit of 2/6*(p + -4)?
3
Suppose -7*y + 40 = 3*y. Suppose -761 + 113 = -y*w. What is the hundreds digit of w?
1
Let c(b) = 278*b**2 - 88*b + 857. What is the thousands digit of c(7)?
3
Let x be 5 + -4 + (-6)/(-9)*159. Suppose 2*p + 35 = -x. Let y = -38 - p. What is the tens digit of y?
3
Let p = 28984 - 19323. What is the tens digit of p?
6
Let c = -128383 + 192814. What is the ten thousands digit of c?
6
Suppose -3*o - b + 4 = -7, -o = -5*b + 7. Suppose -o*h + 1846 = 229. What is the tens digit of h?
3
Let j(o) be the first derivative of -o**4/4 + 5*o**3/3 - 3*o**2 + 3*o + 19. Let q be j(5). What is the units digit of 0 + -2*(q - -4)?
6
Let c be 2/(-5) + 149022/30. Suppose c = 13*s - 1988. Let u = 808 - s. What is the tens digit of u?
7
Suppose -2*s - 14 = 4*u, -2*s + 0*u - u + 1 = 0. Suppose y - 2*y = -10. Suppose y*r = s*r + 357. What is the tens digit of r?
5
Let o(t) = -t - 3. Let b(n) = -14*n + 12. Let f(v) = -b(v) - 2*o(v). What is the tens digit of f(15)?
3
Suppose 0 = 15*t + 385 - 1030. Let l(m) = -2*m**3 + 88*m**2 - 70*m - 38. What is the units digit of l(t)?
0
Let m(s) = -20*s**3 + 54*s**2 + 382*s + 5. What is the hundreds digit of m(-7)?
8
Let o(b) = b**3 - 5*b**2 + 8*b - 4. Let h be o(5). Suppose h = 4*r + 24. Suppose -w + r*d = -49, -4*w + 2*d + 157 = 3*d. What is the units digit of w?
0
Let u(j) = 6*j - 4 - 7*j**2 - 13*j**3 + 9*j**3 + 5*j**3. Let k be u(6). What is the units digit of 930/20*k/(-3)?
2
Suppose -26*o = -10640 - 266520. What is the hundreds digit of o?
6
Suppose -227*t + 226*t = -2776. Let i = t - 1818. What is the tens digit of i?
5
Suppose -6866 = -x + 3*m, -30423 - 3987 = -5*x - 5*m. What is the thousands digit of x?
6
Let k(n) = -2*n**3 - 87*n**2 + 52*n - 340. What is the units digit of k(-56)?
8
Suppose -3*b + 5*a = -0*a + 32, -4*b - 28 = -3*a. Let q be (-3)/b*(-20)/(-5). Suppose q*f + 2 - 80 = 0. What is the units digit of f?
6
Let y = 12177 + -7262. What is the hundreds digit of y?
9
Let o(k) = -k**3 - 41*k**2 - 58*k - 125. Let h be o(-39). Let c = 1587 + h. What is the units digit of c?
2
Let m(c) = 573*c**2 - 544*c + 3300. What is the ten thousands digit of m(6)?
2
Let r = -1004 + 1417. What is the tens digit of r?
1
Suppose 717 = -10*t - 33. Let c = t + 90. Suppose -c*g + 5*g = -2580. What is the tens digit of g?
5
Let c(x) = x**3 - 2*x**2 - 4*x + 7. Let m = -15 + 18. Let n be c(m). Suppose n*k + w = 382, -115 = -k + 3*w - 13. What is the units digit of k?
6
Let d = 29817 + -17454. What is the thousands digit of d?
2
Suppose -f = -8*f + 140. Suppose -f*x + 6700 + 3560 = 0. What is the hundreds digit of x?
5
Let x(k) = 99*k**2 + 29*k - 33. Let w be x(5). Suppose -2*a + w = n, -a - 13*n = -17*n - 1271. What is the units digit of a?
1
Suppose 133 = 2*q + 141, -5*z + 174319 = -q. What is the tens digit of z?
6
Let k = 19530 - 10675. What is the tens digit of k?
5
What is the thousands digit of -2 - (1/(-7) - (-400716)/(-42))?
9
Let b(f) = -14*f**3 - 12*f**2 - 96*f + 20. What is the thousands digit of b(-6)?
3
Suppose -2*a = -3 + 11, -5*a = x + 60. What is the hundreds digit of ((-4)/x)/(4/(-3296))*-5?
4
Let x(a) be the third derivative of -a**6/120 + a**5/15 + 7*a**4/24 + a**3/3 - 5*a**2. Let s be x(5). What is the units digit of 10/60 + 418/s?
5
Let v be 5/(60/56)*6. What is the units digit of (3 - 1)/(v/5166)?
9
Let g(c) = 3*c + 4*c + 40 - 3 + 2*c. Let i be g(-3). Suppose -2*b = i*b - 1152. What is the tens digit of b?
9
Let f(v) = -413*v**3 - 2*v**2 - 5*v - 2. Suppose -5*r + 1 = 4*t, -2*r = -t + 3*t. What is the units digit of f(t)?
4
Let l(x) = 29693*x**2 - 81*x + 90. What is the units digit of l(1)?
2
Let g(d) = -705*d - 479. What is the tens digit of g(-11)?
7
Let p = -2161 - -9151. What is the hundreds digit of p?
9
Let u = -26 + 36. Let y(q) = -q**3 + 46*q**2 - 48*q + 29. Let w be y(45). What is the hundreds digit of -1 - w - 0/u?
1
Let f(t) = -4*t**2 - 5*t + 4. Let s(g) be the first derivative of 4*g**3/3 + 5*g**2/2 - 3*g + 13. Let w(l) = 2*f(l) + 3*s(l). What is the units digit of w(5)?
4
Let q = -30 - 1. Let u = -29 - q. Suppose -s - 3*b + 34 = -u*b, 0 = -s - 5*b + 30. What is the tens digit of s?
3
Suppose 3*g + 29 = 5*l - 28, 0 = -5*g - l - 67. Let k(u) = 2*u + 30. Let v be k(g). What is the tens digit of (8 + 5 + -2)/(1/v)?
2
Let q be 8 + (-12)/(-18)*-3. Let c(m) = 269*m - 45. What is the tens digit of c(q)?
6
Let m = -553 + 44. Let t = -341 - m. Suppose -28*v - t = -30*v. What is the units digit of v?
4
Suppose 0 = 9*o - 2*o - 14. Suppose -a + o*c = 17, 0*c = -3*a - c - 30. What is the units digit of (-1425)/(-33) + 2/a?
3
Let i be (672/(-36))/(6/(-9)). Suppose i*y = 33*y - 2150. What is the hundreds digit of y?
4
Let d = 548 - 398. Let l = 294 - d. What is the units digit of l?
4
Suppose -102 = -3*s - 3*s. Let q(c) = 2*c**2 - 8*c - 31. Let f be q(s). Suppose m = 4*m - f. What is the hundreds digit of m?
1
Let d(q) = -200*q + 1026. What is the units digit of d(-32)?
6
Let a = 16021 - 11146. What is the thousands digit of a?
4
Let u(x) = -x**2 + 25*x - 48. Let o(a) = -7*a**2 - 22*a - 3. Let r be o(-2). What is the tens digit of u(r)?
0
Let c(u) = 709*u - 3523. What is the units digit of c(24)?
3
Let r = 58679 + -31135. What is the thousands digit of r?
7
Suppose 12*a - 73*a = 73*a - 2699296. What is the hundreds digit of a?
1
Let b = 2192 - 1502. Suppose 5*l + b - 95 = 0. Let o = l + 131. What is the units digit of o?
2
Suppose -25*f + 300098 + 50075 = -221027. What is the ten thousands digit of f?
2
Suppose 5*j - 5*y - 25 = 0, 5*j + 5*y = y + 25. Suppose -1156 = -0*z - 2*z - 6*v, 0 = -4*z - j*v + 2340. What is the units digit of z?
0
Suppose 5521 = 5*s + 4*n, -4*s + 0*n + 4421 = -n. Suppose -s = -3*a + 2*u, -20 = 6*u - 11*u. What is the hundreds digit of a?
3
Suppose h - 21239 = -d, -12*h = -10*h + d - 42480. What is the ten thousands digit of h?
2
Suppose -18*l - 89369 = -35*l. What is the hundreds digit of l?
2
Let f(q) = -q**2 - 10*q + 25. Let l be f(-9). Suppose 9*d - l = 20. Suppose 946 = -d*p + 2398. What is the units digit of p?
2
Let d(p) = -p**3 - 3*p**2 + 4*p. Let k be d(-4). Suppose k = 3*t - 0 + 24. What is the units digit of (-46)/t - -2 - (-10)/40?
8
Suppose -3*m + 2*q = -16752, -3*m + 27252 - 10506 = -4*q. What is the tens digit of m?
8
Let f = 881 - 149. Let r = f - 206. What is the units digit of r?
6
Suppose 24 = 3*s + 3*q, 0*q - 4*q + 41 = 5*s. Suppose 5*c - 2*t + s = 0, 2*c + 0*t = -3*t + 4. What is the hundreds digit of ((-3892)/(-18) - c) + (-2)/9?
2
Suppose 5*w - a - 46 = 0, 0*a - 4 = 4*a. Let m = 132 + w. Suppose -k + 4 = -5*k, -2*y - 5*k = -m. What is the units digit of y?
3
Suppose 28*v - 38*v = -24*v + 50820. What is the hundreds digit of v?
6
Let p(b) = -2*b**3 - 14*b**2 + 10*b - 13. Let k be p(-8). Suppose -15*u = -9*u - 1302. Let h = k + u. What is the hundreds digit of h?
2
Let j = -803 - -453. Let c(i) = -250*i. Let v be c(1). Let g = v - j. What is the hundreds digit of g?
1
Suppose l - 25011 = -r - 7378, -5*r = -l + 17603. What is the thousands digit of l?
7
Let v be ((-10)/45)/(1/(-6))*-6. What is the tens digit of (-42)/v*((-820)/(-12) + 1)?
6
Let q = 5891 - 4542. What is the hundreds digit of q?
3
Let i be 0/(2 - 5) + 2. Suppose -54 = -q + 2*s, -q 